{"id":28616,"date":"2025-02-25T09:53:27","date_gmt":"2025-02-25T08:53:27","guid":{"rendered":"https:\/\/avinent.com\/courses\/9a-edicion-curso-practico-de-implantes-subperiosticos-customizados-planificaciones-y-cirugia-en-directo\/"},"modified":"2025-06-02T11:50:02","modified_gmt":"2025-06-02T09:50:02","slug":"9a-edicion-curso-practico-de-implantes-subperiosticos-customizados-planificaciones-y-cirugia-en-directo","status":"publish","type":"courses","link":"https:\/\/avinent.com\/ca\/courses\/9a-edicion-curso-practico-de-implantes-subperiosticos-customizados-planificaciones-y-cirugia-en-directo\/","title":{"rendered":"8\u00e8 Edici\u00f3 &#8211; Curs pr\u00e0ctic d&#8217;implants subperi\u00f2stics customitzats. Planificacions i cirurgia en directe"},"content":{"rendered":"\n<p>Aquest curs de car\u00e0cter pr\u00e0ctic d\u00f3na a con\u00e8ixer <strong>el protocol de planificaci\u00f3 i tractament amb els implants subperi\u00f2stics customitzats.<\/strong><\/p>\n\n<p>Aquesta edici\u00f3 es far\u00e0 el proper 25 d&#8217;abril del 2025.<\/p>\n\n<p>Una jornada en qu\u00e8 s&#8217;analitzar\u00e0 tot all\u00f2 referent a les indicacions, contraindicacions, planificaci\u00f3 i execuci\u00f3 d&#8217;aquest tipus de tractaments, amb un enfocament molt pr\u00e0ctic, de manera que l&#8217;alumne pugui abordar els casos d&#8217;atr\u00f2fies severes de maxil\u00b7lar amb aquest protocol.<\/p>\n\n<p>Durant el curs es veuran planificacions en directe, v\u00eddeos de cirurgies de diferents tipus d&#8217;implants subperi\u00f2stics personalitzats i una cirurgia en directe.<\/p>\n","protected":false},"excerpt":{"rendered":"<p>Planificaci\u00f3 de casos i cirurgies en directe. Aquesta ja ser\u00e0 la 9a edici\u00f3 del curs d&#8217;un dia destinat a con\u00e8ixer el protocol de planificaci\u00f3 i tractament dels implants subperi\u00f2stics personalitzats.<br \/>\nAquesta edici\u00f3 \u00e9s el proper 25 d&#8217;abril del 2025. <\/p>\n","protected":false},"featured_media":0,"template":"","tipologia":[387],"director":[344],"ciutat-curs":[343],"segment":[329],"class_list":["post-28616","courses","type-courses","status-publish","hentry","tipologia-teoric-practic-ca","director-dr-javier-herce-ca","ciutat-curs-bilbao-ca","segments-craneomaxilofacial-ca"],"acf":[],"yoast_head":"<!-- This site is optimized with the Yoast SEO plugin v26.8 - https:\/\/yoast.com\/product\/yoast-seo-wordpress\/ -->\n<title>Curs pr\u00e0ctic d&#039;implants subperi\u00f2stics customitzats | Avinent<\/title>\n<meta name=\"description\" content=\"El curs de car\u00e0cter pr\u00e0ctic d\u00f3na a con\u00e8ixer el protocol de planificaci\u00f3 i tractament amb una malla subperi\u00f2stica customitzada.\" \/>\n<meta name=\"robots\" content=\"index, follow, max-snippet:-1, max-image-preview:large, max-video-preview:-1\" \/>\n<meta property=\"og:locale\" content=\"ca_ES\" \/>\n<meta property=\"og:type\" content=\"article\" \/>\n<meta property=\"og:title\" content=\"Curs pr\u00e0ctic d&#039;implants subperi\u00f2stics customitzats | Avinent\" \/>\n<meta property=\"og:description\" content=\"El curs de car\u00e0cter pr\u00e0ctic d\u00f3na a con\u00e8ixer el protocol de planificaci\u00f3 i tractament amb una malla subperi\u00f2stica customitzada.\" \/>\n<meta property=\"og:url\" content=\"https:\/\/avinent.com\/ca\/courses\/9a-edicion-curso-practico-de-implantes-subperiosticos-customizados-planificaciones-y-cirugia-en-directo\/\" \/>\n<meta property=\"og:site_name\" content=\"Avinent\" \/>\n<meta property=\"article:modified_time\" content=\"2025-06-02T09:50:02+00:00\" \/>\n<meta name=\"twitter:card\" content=\"summary_large_image\" \/>\n<script type=\"application\/ld+json\" class=\"yoast-schema-graph\">{\"@context\":\"https:\/\/schema.org\",\"@graph\":[{\"@type\":\"WebPage\",\"@id\":\"https:\/\/avinent.com\/ca\/courses\/9a-edicion-curso-practico-de-implantes-subperiosticos-customizados-planificaciones-y-cirugia-en-directo\/\",\"url\":\"https:\/\/avinent.com\/ca\/courses\/9a-edicion-curso-practico-de-implantes-subperiosticos-customizados-planificaciones-y-cirugia-en-directo\/\",\"name\":\"Curs pr\u00e0ctic d'implants subperi\u00f2stics customitzats | Avinent\",\"isPartOf\":{\"@id\":\"https:\/\/avinent.com\/#website\"},\"datePublished\":\"2025-02-25T08:53:27+00:00\",\"dateModified\":\"2025-06-02T09:50:02+00:00\",\"description\":\"El curs de car\u00e0cter pr\u00e0ctic d\u00f3na a con\u00e8ixer el protocol de planificaci\u00f3 i tractament amb una malla subperi\u00f2stica customitzada.\",\"breadcrumb\":{\"@id\":\"https:\/\/avinent.com\/ca\/courses\/9a-edicion-curso-practico-de-implantes-subperiosticos-customizados-planificaciones-y-cirugia-en-directo\/#breadcrumb\"},\"inLanguage\":\"ca\",\"potentialAction\":[{\"@type\":\"ReadAction\",\"target\":[\"https:\/\/avinent.com\/ca\/courses\/9a-edicion-curso-practico-de-implantes-subperiosticos-customizados-planificaciones-y-cirugia-en-directo\/\"]}]},{\"@type\":\"BreadcrumbList\",\"@id\":\"https:\/\/avinent.com\/ca\/courses\/9a-edicion-curso-practico-de-implantes-subperiosticos-customizados-planificaciones-y-cirugia-en-directo\/#breadcrumb\",\"itemListElement\":[{\"@type\":\"ListItem\",\"position\":1,\"name\":\"Portada\",\"item\":\"https:\/\/avinent.com\/ca\/home\/\"},{\"@type\":\"ListItem\",\"position\":2,\"name\":\"Cursos\",\"item\":\"https:\/\/avinent.wwwarcelona.net\/courses\/\"},{\"@type\":\"ListItem\",\"position\":3,\"name\":\"8\u00e8 Edici\u00f3 &#8211; Curs pr\u00e0ctic d&#8217;implants subperi\u00f2stics customitzats. Planificacions i cirurgia en directe\"}]},{\"@type\":\"WebSite\",\"@id\":\"https:\/\/avinent.com\/#website\",\"url\":\"https:\/\/avinent.com\/\",\"name\":\"Avinent\",\"description\":\"Todas las soluciones m\u00e9dicas y dentales\",\"publisher\":{\"@id\":\"https:\/\/avinent.com\/#organization\"},\"potentialAction\":[{\"@type\":\"SearchAction\",\"target\":{\"@type\":\"EntryPoint\",\"urlTemplate\":\"https:\/\/avinent.com\/?s={search_term_string}\"},\"query-input\":{\"@type\":\"PropertyValueSpecification\",\"valueRequired\":true,\"valueName\":\"search_term_string\"}}],\"inLanguage\":\"ca\"},{\"@type\":\"Organization\",\"@id\":\"https:\/\/avinent.com\/#organization\",\"name\":\"Avinent\",\"url\":\"https:\/\/avinent.com\/\",\"logo\":{\"@type\":\"ImageObject\",\"inLanguage\":\"ca\",\"@id\":\"https:\/\/avinent.com\/#\/schema\/logo\/image\/\",\"url\":\"https:\/\/avinent.com\/wp-content\/uploads\/2021\/10\/cropped-9216650250dc9798b51ff14a0e1c16c7.png\",\"contentUrl\":\"https:\/\/avinent.com\/wp-content\/uploads\/2021\/10\/cropped-9216650250dc9798b51ff14a0e1c16c7.png\",\"width\":122,\"height\":79,\"caption\":\"Avinent\"},\"image\":{\"@id\":\"https:\/\/avinent.com\/#\/schema\/logo\/image\/\"}}]}<\/script>\n<!-- \/ Yoast SEO plugin. -->","yoast_head_json":{"title":"Curs pr\u00e0ctic d'implants subperi\u00f2stics customitzats | Avinent","description":"El curs de car\u00e0cter pr\u00e0ctic d\u00f3na a con\u00e8ixer el protocol de planificaci\u00f3 i tractament amb una malla subperi\u00f2stica customitzada.","robots":{"index":"index","follow":"follow","max-snippet":"max-snippet:-1","max-image-preview":"max-image-preview:large","max-video-preview":"max-video-preview:-1"},"og_locale":"ca_ES","og_type":"article","og_title":"Curs pr\u00e0ctic d'implants subperi\u00f2stics customitzats | Avinent","og_description":"El curs de car\u00e0cter pr\u00e0ctic d\u00f3na a con\u00e8ixer el protocol de planificaci\u00f3 i tractament amb una malla subperi\u00f2stica customitzada.","og_url":"https:\/\/avinent.com\/ca\/courses\/9a-edicion-curso-practico-de-implantes-subperiosticos-customizados-planificaciones-y-cirugia-en-directo\/","og_site_name":"Avinent","article_modified_time":"2025-06-02T09:50:02+00:00","twitter_card":"summary_large_image","schema":{"@context":"https:\/\/schema.org","@graph":[{"@type":"WebPage","@id":"https:\/\/avinent.com\/ca\/courses\/9a-edicion-curso-practico-de-implantes-subperiosticos-customizados-planificaciones-y-cirugia-en-directo\/","url":"https:\/\/avinent.com\/ca\/courses\/9a-edicion-curso-practico-de-implantes-subperiosticos-customizados-planificaciones-y-cirugia-en-directo\/","name":"Curs pr\u00e0ctic d'implants subperi\u00f2stics customitzats | Avinent","isPartOf":{"@id":"https:\/\/avinent.com\/#website"},"datePublished":"2025-02-25T08:53:27+00:00","dateModified":"2025-06-02T09:50:02+00:00","description":"El curs de car\u00e0cter pr\u00e0ctic d\u00f3na a con\u00e8ixer el protocol de planificaci\u00f3 i tractament amb una malla subperi\u00f2stica customitzada.","breadcrumb":{"@id":"https:\/\/avinent.com\/ca\/courses\/9a-edicion-curso-practico-de-implantes-subperiosticos-customizados-planificaciones-y-cirugia-en-directo\/#breadcrumb"},"inLanguage":"ca","potentialAction":[{"@type":"ReadAction","target":["https:\/\/avinent.com\/ca\/courses\/9a-edicion-curso-practico-de-implantes-subperiosticos-customizados-planificaciones-y-cirugia-en-directo\/"]}]},{"@type":"BreadcrumbList","@id":"https:\/\/avinent.com\/ca\/courses\/9a-edicion-curso-practico-de-implantes-subperiosticos-customizados-planificaciones-y-cirugia-en-directo\/#breadcrumb","itemListElement":[{"@type":"ListItem","position":1,"name":"Portada","item":"https:\/\/avinent.com\/ca\/home\/"},{"@type":"ListItem","position":2,"name":"Cursos","item":"https:\/\/avinent.wwwarcelona.net\/courses\/"},{"@type":"ListItem","position":3,"name":"8\u00e8 Edici\u00f3 &#8211; Curs pr\u00e0ctic d&#8217;implants subperi\u00f2stics customitzats. Planificacions i cirurgia en directe"}]},{"@type":"WebSite","@id":"https:\/\/avinent.com\/#website","url":"https:\/\/avinent.com\/","name":"Avinent","description":"Todas las soluciones m\u00e9dicas y dentales","publisher":{"@id":"https:\/\/avinent.com\/#organization"},"potentialAction":[{"@type":"SearchAction","target":{"@type":"EntryPoint","urlTemplate":"https:\/\/avinent.com\/?s={search_term_string}"},"query-input":{"@type":"PropertyValueSpecification","valueRequired":true,"valueName":"search_term_string"}}],"inLanguage":"ca"},{"@type":"Organization","@id":"https:\/\/avinent.com\/#organization","name":"Avinent","url":"https:\/\/avinent.com\/","logo":{"@type":"ImageObject","inLanguage":"ca","@id":"https:\/\/avinent.com\/#\/schema\/logo\/image\/","url":"https:\/\/avinent.com\/wp-content\/uploads\/2021\/10\/cropped-9216650250dc9798b51ff14a0e1c16c7.png","contentUrl":"https:\/\/avinent.com\/wp-content\/uploads\/2021\/10\/cropped-9216650250dc9798b51ff14a0e1c16c7.png","width":122,"height":79,"caption":"Avinent"},"image":{"@id":"https:\/\/avinent.com\/#\/schema\/logo\/image\/"}}]}},"_links":{"self":[{"href":"https:\/\/avinent.com\/ca\/wp-json\/wp\/v2\/courses\/28616","targetHints":{"allow":["GET"]}}],"collection":[{"href":"https:\/\/avinent.com\/ca\/wp-json\/wp\/v2\/courses"}],"about":[{"href":"https:\/\/avinent.com\/ca\/wp-json\/wp\/v2\/types\/courses"}],"wp:attachment":[{"href":"https:\/\/avinent.com\/ca\/wp-json\/wp\/v2\/media?parent=28616"}],"wp:term":[{"taxonomy":"tipologia","embeddable":true,"href":"https:\/\/avinent.com\/ca\/wp-json\/wp\/v2\/tipologia?post=28616"},{"taxonomy":"director","embeddable":true,"href":"https:\/\/avinent.com\/ca\/wp-json\/wp\/v2\/director?post=28616"},{"taxonomy":"ciutat-curs","embeddable":true,"href":"https:\/\/avinent.com\/ca\/wp-json\/wp\/v2\/ciutat-curs?post=28616"},{"taxonomy":"segments","embeddable":true,"href":"https:\/\/avinent.com\/ca\/wp-json\/wp\/v2\/segment?post=28616"}],"curies":[{"name":"wp","href":"https:\/\/api.w.org\/{rel}","templated":true}]}}

8è Edició &#8211; Curs pràctic d&#8217;implants subperiòstics customitzats. Planificacions i cirurgia en directe

<p>Aquest curs de caràcter pràctic dóna a conèixer <strong>el protocol de planificació i tractament amb els implants subperiòstics customitzats.</strong></p>

<p>Aquesta edició es farà el proper 25 d&#8217;abril del 2025.</p>

<p>Una jornada en què s&#8217;analitzarà tot allò referent a les indicacions, contraindicacions, planificació i execució d&#8217;aquest tipus de tractaments, amb un enfocament molt pràctic, de manera que l&#8217;alumne pugui abordar els casos d&#8217;atròfies severes de maxil·lar amb aquest protocol.</p>

<p>Durant el curs es veuran planificacions en directe, vídeos de cirurgies de diferents tipus d&#8217;implants subperiòstics personalitzats i una cirurgia en directe.</p>

<p>Planificació de casos i cirurgies en directe. Aquesta ja serà la 9a edició del curs d&#8217;un dia destinat a conèixer el protocol de planificació i tractament dels implants subperiòstics personalitzats.<br />
Aquesta edició és el proper 25 d&#8217;abril del 2025. </p>

<!-- This site is optimized with the Yoast SEO plugin v26.8 - https://yoast.com/product/yoast-seo-wordpress/ -->
<title>Curs pràctic d&#039;implants subperiòstics customitzats | Avinent</title>
<meta name="description" content="El curs de caràcter pràctic dóna a conèixer el protocol de planificació i tractament amb una malla subperiòstica customitzada." />
<meta name="robots" content="index, follow, max-snippet:-1, max-image-preview:large, max-video-preview:-1" />
<meta property="og:locale" content="ca_ES" />
<meta property="og:type" content="article" />
<meta property="og:title" content="Curs pràctic d&#039;implants subperiòstics customitzats | Avinent" />
<meta property="og:description" content="El curs de caràcter pràctic dóna a conèixer el protocol de planificació i tractament amb una malla subperiòstica customitzada." />
<meta property="og:url" content="https://avinent.com/ca/courses/9a-edicion-curso-practico-de-implantes-subperiosticos-customizados-planificaciones-y-cirugia-en-directo/" />
<meta property="og:site_name" content="Avinent" />
<meta property="article:modified_time" content="2025-06-02T09:50:02+00:00" />
<meta name="twitter:card" content="summary_large_image" />
<script type="application/ld+json" class="yoast-schema-graph">{"@context":"https://schema.org","@graph":[{"@type":"WebPage","@id":"https://avinent.com/ca/courses/9a-edicion-curso-practico-de-implantes-subperiosticos-customizados-planificaciones-y-cirugia-en-directo/","url":"https://avinent.com/ca/courses/9a-edicion-curso-practico-de-implantes-subperiosticos-customizados-planificaciones-y-cirugia-en-directo/","name":"Curs pràctic d'implants subperiòstics customitzats | Avinent","isPartOf":{"@id":"https://avinent.com/#website"},"datePublished":"2025-02-25T08:53:27+00:00","dateModified":"2025-06-02T09:50:02+00:00","description":"El curs de caràcter pràctic dóna a conèixer el protocol de planificació i tractament amb una malla subperiòstica customitzada.","breadcrumb":{"@id":"https://avinent.com/ca/courses/9a-edicion-curso-practico-de-implantes-subperiosticos-customizados-planificaciones-y-cirugia-en-directo/#breadcrumb"},"inLanguage":"ca","potentialAction":[{"@type":"ReadAction","target":["https://avinent.com/ca/courses/9a-edicion-curso-practico-de-implantes-subperiosticos-customizados-planificaciones-y-cirugia-en-directo/"]}]},{"@type":"BreadcrumbList","@id":"https://avinent.com/ca/courses/9a-edicion-curso-practico-de-implantes-subperiosticos-customizados-planificaciones-y-cirugia-en-directo/#breadcrumb","itemListElement":[{"@type":"ListItem","position":1,"name":"Portada","item":"https://avinent.com/ca/home/"},{"@type":"ListItem","position":2,"name":"Cursos","item":"https://avinent.wwwarcelona.net/courses/"},{"@type":"ListItem","position":3,"name":"8è Edició &#8211; Curs pràctic d&#8217;implants subperiòstics customitzats. Planificacions i cirurgia en directe"}]},{"@type":"WebSite","@id":"https://avinent.com/#website","url":"https://avinent.com/","name":"Avinent","description":"Todas las soluciones médicas y dentales","publisher":{"@id":"https://avinent.com/#organization"},"potentialAction":[{"@type":"SearchAction","target":{"@type":"EntryPoint","urlTemplate":"https://avinent.com/?s={search_term_string}"},"query-input":{"@type":"PropertyValueSpecification","valueRequired":true,"valueName":"search_term_string"}}],"inLanguage":"ca"},{"@type":"Organization","@id":"https://avinent.com/#organization","name":"Avinent","url":"https://avinent.com/","logo":{"@type":"ImageObject","inLanguage":"ca","@id":"https://avinent.com/#/schema/logo/image/","url":"https://avinent.com/wp-content/uploads/2021/10/cropped-9216650250dc9798b51ff14a0e1c16c7.png","contentUrl":"https://avinent.com/wp-content/uploads/2021/10/cropped-9216650250dc9798b51ff14a0e1c16c7.png","width":122,"height":79,"caption":"Avinent"},"image":{"@id":"https://avinent.com/#/schema/logo/image/"}}]}</script>
<!-- / Yoast SEO plugin. -->

Curs pràctic d'implants subperiòstics customitzats | Avinent

El curs de caràcter pràctic dóna a conèixer el protocol de planificació i tractament amb una malla subperiòstica customitzada.

Todas las soluciones médicas y dentales
