{"id":28786,"date":"2024-10-08T17:28:52","date_gmt":"2024-10-08T15:28:52","guid":{"rendered":"https:\/\/avinent.com\/courses\/atrofies-maxillars-severes-mitjancant-implants-subperiostics\/"},"modified":"2025-03-11T11:24:29","modified_gmt":"2025-03-11T10:24:29","slug":"atrofies-maxillars-severes-mitjancant-implants-subperiostics","status":"publish","type":"courses","link":"https:\/\/avinent.com\/ca\/courses\/atrofies-maxillars-severes-mitjancant-implants-subperiostics\/","title":{"rendered":"Atr\u00f2fies Maxil\u00b7lars severes mitjan\u00e7ant implants subperi\u00f2stics"},"content":{"rendered":"\n<p>Els propers 6 i 7 de juny, oferim dos dies de formaci\u00f3 intensiva juntament amb quatre grans professionals del sector dental: Prof. M. del Cant, Dr. Bruno Ruiz, Dra. Alejandra del Canto i Dr. Mariano del Canto.  <strong>M\u00e0xim 8 places! No et quedis sense la teva! <\/strong><\/p>\n\n<p><strong>Contingut te\u00f2ric:<br\/><\/strong>\u2022 Atr\u00f2fia maxil\u00b7lar severa. D&#8217;on venim i on ens trobem actualment.<br\/>\u2022 Indicacions i contraindicacions dels implants subperi\u00f2stics.<br\/>\u2022 Aspectes prot\u00e8tics: planificaci\u00f3, disseny i integraci\u00f3 facial, materials de la pr\u00f2tesi interina, i de la pr\u00f2tesi definitiva.<br\/>\u2022 Disseny i material dels implants subperi\u00f2stics.<br\/>\u2022 Aspectes quir\u00fargics<br\/>\u2022 Caracter\u00edstiques de l&#8217;abordatge quir\u00fargic.<br\/>\u2022 Postoperatori i complicacions.<br\/>\u2022 An\u00e0lisi de resultats.  <br\/><br\/><strong>Contingut pr\u00e0ctic:<br\/><\/strong>\u2022 Disseny en directe de la malla subperi\u00f2stica juntament amb un enginyer biom\u00e8dic d&#8217;Avinent.<br\/>\u2022 Sessions cl\u00edniques amb debat de casos.<br\/>\u2022 Acte quir\u00fargic d\u201fimplants subperi\u00f2stics en un cas real en model espec\u00edfic de simulaci\u00f3.<br\/>\u2022 Maneig de la caixa quir\u00fargica per a implants subperi\u00f2stics.<br\/>\u2022 Seq\u00fc\u00e8ncia de fixaci\u00f3 de la malla prototipada dissenyada per al cas real del model de simulaci\u00f3.<br\/>*Cada alumne disposar\u00e0 de 2 models i una malla d&#8217;un cas real + pr\u00f2tesi immediata. <\/p>\n\n<div style=\"height:25px\" aria-hidden=\"true\" class=\"wp-block-spacer\"><\/div>\n\n<div style=\"height:25px\" aria-hidden=\"true\" class=\"wp-block-spacer\"><\/div>\n\n<p><\/p>\n","protected":false},"excerpt":{"rendered":"<p>Apunta&#8217;t a la 8a edici\u00f3 del curs de dos dies on aprendr\u00e0s i posar\u00e0s en pr\u00e0ctica el maneig de casos amb atr\u00f2fies maxil\u00b7lars. <\/p>\n","protected":false},"featured_media":0,"template":"","tipologia":[387],"director":[350],"ciutat-curs":[349],"segment":[329],"class_list":["post-28786","courses","type-courses","status-publish","hentry","tipologia-teoric-practic-ca","director-prof-m-del-canto-ca","ciutat-curs-madrid-ca","segments-craneomaxilofacial-ca"],"acf":[],"yoast_head":"<!-- This site is optimized with the Yoast SEO plugin v26.8 - https:\/\/yoast.com\/product\/yoast-seo-wordpress\/ -->\n<title>Atr\u00f2fies Maxil\u00b7lars severes mitjan\u00e7ant implants subperi\u00f2stics - Avinent<\/title>\n<meta name=\"description\" content=\"El proper 6 i 7 de juny, oferim dos dies de formaci\u00f3 intensiva juntament amb quatre grans professionals del sector dental. No et quedis sense la teva pla\u00e7a!\" \/>\n<meta name=\"robots\" content=\"index, follow, max-snippet:-1, max-image-preview:large, max-video-preview:-1\" \/>\n<meta property=\"og:locale\" content=\"ca_ES\" \/>\n<meta property=\"og:type\" content=\"article\" \/>\n<meta property=\"og:title\" content=\"Atr\u00f2fies Maxil\u00b7lars severes mitjan\u00e7ant implants subperi\u00f2stics - Avinent\" \/>\n<meta property=\"og:description\" content=\"El proper 6 i 7 de juny, oferim dos dies de formaci\u00f3 intensiva juntament amb quatre grans professionals del sector dental. No et quedis sense la teva pla\u00e7a!\" \/>\n<meta property=\"og:url\" content=\"https:\/\/avinent.wwwarcelona.net\/ca\/courses\/atrofies-maxillars-severes-mitjancant-implants-subperiostics\/\" \/>\n<meta property=\"og:site_name\" content=\"Avinent\" \/>\n<meta property=\"article:modified_time\" content=\"2025-03-11T10:24:29+00:00\" \/>\n<meta name=\"twitter:card\" content=\"summary_large_image\" \/>\n<meta name=\"twitter:label1\" content=\"Temps estimat de lectura\" \/>\n\t<meta name=\"twitter:data1\" content=\"1 minut\" \/>\n<script type=\"application\/ld+json\" class=\"yoast-schema-graph\">{\"@context\":\"https:\/\/schema.org\",\"@graph\":[{\"@type\":\"WebPage\",\"@id\":\"https:\/\/avinent.wwwarcelona.net\/ca\/courses\/atrofies-maxillars-severes-mitjancant-implants-subperiostics\/\",\"url\":\"https:\/\/avinent.wwwarcelona.net\/ca\/courses\/atrofies-maxillars-severes-mitjancant-implants-subperiostics\/\",\"name\":\"Atr\u00f2fies Maxil\u00b7lars severes mitjan\u00e7ant implants subperi\u00f2stics - Avinent\",\"isPartOf\":{\"@id\":\"https:\/\/avinent.com\/#website\"},\"datePublished\":\"2024-10-08T15:28:52+00:00\",\"dateModified\":\"2025-03-11T10:24:29+00:00\",\"description\":\"El proper 6 i 7 de juny, oferim dos dies de formaci\u00f3 intensiva juntament amb quatre grans professionals del sector dental. No et quedis sense la teva pla\u00e7a!\",\"breadcrumb\":{\"@id\":\"https:\/\/avinent.wwwarcelona.net\/ca\/courses\/atrofies-maxillars-severes-mitjancant-implants-subperiostics\/#breadcrumb\"},\"inLanguage\":\"ca\",\"potentialAction\":[{\"@type\":\"ReadAction\",\"target\":[\"https:\/\/avinent.wwwarcelona.net\/ca\/courses\/atrofies-maxillars-severes-mitjancant-implants-subperiostics\/\"]}]},{\"@type\":\"BreadcrumbList\",\"@id\":\"https:\/\/avinent.wwwarcelona.net\/ca\/courses\/atrofies-maxillars-severes-mitjancant-implants-subperiostics\/#breadcrumb\",\"itemListElement\":[{\"@type\":\"ListItem\",\"position\":1,\"name\":\"Portada\",\"item\":\"https:\/\/avinent.com\/ca\/home\/\"},{\"@type\":\"ListItem\",\"position\":2,\"name\":\"Cursos\",\"item\":\"https:\/\/avinent.wwwarcelona.net\/courses\/\"},{\"@type\":\"ListItem\",\"position\":3,\"name\":\"Atr\u00f2fies Maxil\u00b7lars severes mitjan\u00e7ant implants subperi\u00f2stics\"}]},{\"@type\":\"WebSite\",\"@id\":\"https:\/\/avinent.com\/#website\",\"url\":\"https:\/\/avinent.com\/\",\"name\":\"Avinent\",\"description\":\"Todas las soluciones m\u00e9dicas y dentales\",\"publisher\":{\"@id\":\"https:\/\/avinent.com\/#organization\"},\"potentialAction\":[{\"@type\":\"SearchAction\",\"target\":{\"@type\":\"EntryPoint\",\"urlTemplate\":\"https:\/\/avinent.com\/?s={search_term_string}\"},\"query-input\":{\"@type\":\"PropertyValueSpecification\",\"valueRequired\":true,\"valueName\":\"search_term_string\"}}],\"inLanguage\":\"ca\"},{\"@type\":\"Organization\",\"@id\":\"https:\/\/avinent.com\/#organization\",\"name\":\"Avinent\",\"url\":\"https:\/\/avinent.com\/\",\"logo\":{\"@type\":\"ImageObject\",\"inLanguage\":\"ca\",\"@id\":\"https:\/\/avinent.com\/#\/schema\/logo\/image\/\",\"url\":\"https:\/\/avinent.com\/wp-content\/uploads\/2021\/10\/cropped-9216650250dc9798b51ff14a0e1c16c7.png\",\"contentUrl\":\"https:\/\/avinent.com\/wp-content\/uploads\/2021\/10\/cropped-9216650250dc9798b51ff14a0e1c16c7.png\",\"width\":122,\"height\":79,\"caption\":\"Avinent\"},\"image\":{\"@id\":\"https:\/\/avinent.com\/#\/schema\/logo\/image\/\"}}]}<\/script>\n<!-- \/ Yoast SEO plugin. -->","yoast_head_json":{"title":"Atr\u00f2fies Maxil\u00b7lars severes mitjan\u00e7ant implants subperi\u00f2stics - Avinent","description":"El proper 6 i 7 de juny, oferim dos dies de formaci\u00f3 intensiva juntament amb quatre grans professionals del sector dental. No et quedis sense la teva pla\u00e7a!","robots":{"index":"index","follow":"follow","max-snippet":"max-snippet:-1","max-image-preview":"max-image-preview:large","max-video-preview":"max-video-preview:-1"},"og_locale":"ca_ES","og_type":"article","og_title":"Atr\u00f2fies Maxil\u00b7lars severes mitjan\u00e7ant implants subperi\u00f2stics - Avinent","og_description":"El proper 6 i 7 de juny, oferim dos dies de formaci\u00f3 intensiva juntament amb quatre grans professionals del sector dental. No et quedis sense la teva pla\u00e7a!","og_url":"https:\/\/avinent.wwwarcelona.net\/ca\/courses\/atrofies-maxillars-severes-mitjancant-implants-subperiostics\/","og_site_name":"Avinent","article_modified_time":"2025-03-11T10:24:29+00:00","twitter_card":"summary_large_image","twitter_misc":{"Temps estimat de lectura":"1 minut"},"schema":{"@context":"https:\/\/schema.org","@graph":[{"@type":"WebPage","@id":"https:\/\/avinent.wwwarcelona.net\/ca\/courses\/atrofies-maxillars-severes-mitjancant-implants-subperiostics\/","url":"https:\/\/avinent.wwwarcelona.net\/ca\/courses\/atrofies-maxillars-severes-mitjancant-implants-subperiostics\/","name":"Atr\u00f2fies Maxil\u00b7lars severes mitjan\u00e7ant implants subperi\u00f2stics - Avinent","isPartOf":{"@id":"https:\/\/avinent.com\/#website"},"datePublished":"2024-10-08T15:28:52+00:00","dateModified":"2025-03-11T10:24:29+00:00","description":"El proper 6 i 7 de juny, oferim dos dies de formaci\u00f3 intensiva juntament amb quatre grans professionals del sector dental. No et quedis sense la teva pla\u00e7a!","breadcrumb":{"@id":"https:\/\/avinent.wwwarcelona.net\/ca\/courses\/atrofies-maxillars-severes-mitjancant-implants-subperiostics\/#breadcrumb"},"inLanguage":"ca","potentialAction":[{"@type":"ReadAction","target":["https:\/\/avinent.wwwarcelona.net\/ca\/courses\/atrofies-maxillars-severes-mitjancant-implants-subperiostics\/"]}]},{"@type":"BreadcrumbList","@id":"https:\/\/avinent.wwwarcelona.net\/ca\/courses\/atrofies-maxillars-severes-mitjancant-implants-subperiostics\/#breadcrumb","itemListElement":[{"@type":"ListItem","position":1,"name":"Portada","item":"https:\/\/avinent.com\/ca\/home\/"},{"@type":"ListItem","position":2,"name":"Cursos","item":"https:\/\/avinent.wwwarcelona.net\/courses\/"},{"@type":"ListItem","position":3,"name":"Atr\u00f2fies Maxil\u00b7lars severes mitjan\u00e7ant implants subperi\u00f2stics"}]},{"@type":"WebSite","@id":"https:\/\/avinent.com\/#website","url":"https:\/\/avinent.com\/","name":"Avinent","description":"Todas las soluciones m\u00e9dicas y dentales","publisher":{"@id":"https:\/\/avinent.com\/#organization"},"potentialAction":[{"@type":"SearchAction","target":{"@type":"EntryPoint","urlTemplate":"https:\/\/avinent.com\/?s={search_term_string}"},"query-input":{"@type":"PropertyValueSpecification","valueRequired":true,"valueName":"search_term_string"}}],"inLanguage":"ca"},{"@type":"Organization","@id":"https:\/\/avinent.com\/#organization","name":"Avinent","url":"https:\/\/avinent.com\/","logo":{"@type":"ImageObject","inLanguage":"ca","@id":"https:\/\/avinent.com\/#\/schema\/logo\/image\/","url":"https:\/\/avinent.com\/wp-content\/uploads\/2021\/10\/cropped-9216650250dc9798b51ff14a0e1c16c7.png","contentUrl":"https:\/\/avinent.com\/wp-content\/uploads\/2021\/10\/cropped-9216650250dc9798b51ff14a0e1c16c7.png","width":122,"height":79,"caption":"Avinent"},"image":{"@id":"https:\/\/avinent.com\/#\/schema\/logo\/image\/"}}]}},"_links":{"self":[{"href":"https:\/\/avinent.com\/ca\/wp-json\/wp\/v2\/courses\/28786","targetHints":{"allow":["GET"]}}],"collection":[{"href":"https:\/\/avinent.com\/ca\/wp-json\/wp\/v2\/courses"}],"about":[{"href":"https:\/\/avinent.com\/ca\/wp-json\/wp\/v2\/types\/courses"}],"wp:attachment":[{"href":"https:\/\/avinent.com\/ca\/wp-json\/wp\/v2\/media?parent=28786"}],"wp:term":[{"taxonomy":"tipologia","embeddable":true,"href":"https:\/\/avinent.com\/ca\/wp-json\/wp\/v2\/tipologia?post=28786"},{"taxonomy":"director","embeddable":true,"href":"https:\/\/avinent.com\/ca\/wp-json\/wp\/v2\/director?post=28786"},{"taxonomy":"ciutat-curs","embeddable":true,"href":"https:\/\/avinent.com\/ca\/wp-json\/wp\/v2\/ciutat-curs?post=28786"},{"taxonomy":"segments","embeddable":true,"href":"https:\/\/avinent.com\/ca\/wp-json\/wp\/v2\/segment?post=28786"}],"curies":[{"name":"wp","href":"https:\/\/api.w.org\/{rel}","templated":true}]}}

Atròfies Maxil·lars severes mitjançant implants subperiòstics

<p>Els propers 6 i 7 de juny, oferim dos dies de formació intensiva juntament amb quatre grans professionals del sector dental: Prof. M. del Cant, Dr. Bruno Ruiz, Dra. Alejandra del Canto i Dr. Mariano del Canto.  <strong>Màxim 8 places! No et quedis sense la teva! </strong></p>

<p><strong>Contingut teòric:<br/></strong>• Atròfia maxil·lar severa. D&#8217;on venim i on ens trobem actualment.<br/>• Indicacions i contraindicacions dels implants subperiòstics.<br/>• Aspectes protètics: planificació, disseny i integració facial, materials de la pròtesi interina, i de la pròtesi definitiva.<br/>• Disseny i material dels implants subperiòstics.<br/>• Aspectes quirúrgics<br/>• Característiques de l&#8217;abordatge quirúrgic.<br/>• Postoperatori i complicacions.<br/>• Anàlisi de resultats.  <br/><br/><strong>Contingut pràctic:<br/></strong>• Disseny en directe de la malla subperiòstica juntament amb un enginyer biomèdic d&#8217;Avinent.<br/>• Sessions clíniques amb debat de casos.<br/>• Acte quirúrgic d‟implants subperiòstics en un cas real en model específic de simulació.<br/>• Maneig de la caixa quirúrgica per a implants subperiòstics.<br/>• Seqüència de fixació de la malla prototipada dissenyada per al cas real del model de simulació.<br/>*Cada alumne disposarà de 2 models i una malla d&#8217;un cas real + pròtesi immediata. </p>

<div style="height:25px" aria-hidden="true" class="wp-block-spacer"></div>

<div style="height:25px" aria-hidden="true" class="wp-block-spacer"></div>

<p></p>

<p>Apunta&#8217;t a la 8a edició del curs de dos dies on aprendràs i posaràs en pràctica el maneig de casos amb atròfies maxil·lars. </p>

<!-- This site is optimized with the Yoast SEO plugin v26.8 - https://yoast.com/product/yoast-seo-wordpress/ -->
<title>Atròfies Maxil·lars severes mitjançant implants subperiòstics - Avinent</title>
<meta name="description" content="El proper 6 i 7 de juny, oferim dos dies de formació intensiva juntament amb quatre grans professionals del sector dental. No et quedis sense la teva plaça!" />
<meta name="robots" content="index, follow, max-snippet:-1, max-image-preview:large, max-video-preview:-1" />
<meta property="og:locale" content="ca_ES" />
<meta property="og:type" content="article" />
<meta property="og:title" content="Atròfies Maxil·lars severes mitjançant implants subperiòstics - Avinent" />
<meta property="og:description" content="El proper 6 i 7 de juny, oferim dos dies de formació intensiva juntament amb quatre grans professionals del sector dental. No et quedis sense la teva plaça!" />
<meta property="og:url" content="https://avinent.wwwarcelona.net/ca/courses/atrofies-maxillars-severes-mitjancant-implants-subperiostics/" />
<meta property="og:site_name" content="Avinent" />
<meta property="article:modified_time" content="2025-03-11T10:24:29+00:00" />
<meta name="twitter:card" content="summary_large_image" />
<meta name="twitter:label1" content="Temps estimat de lectura" />
	<meta name="twitter:data1" content="1 minut" />
<script type="application/ld+json" class="yoast-schema-graph">{"@context":"https://schema.org","@graph":[{"@type":"WebPage","@id":"https://avinent.wwwarcelona.net/ca/courses/atrofies-maxillars-severes-mitjancant-implants-subperiostics/","url":"https://avinent.wwwarcelona.net/ca/courses/atrofies-maxillars-severes-mitjancant-implants-subperiostics/","name":"Atròfies Maxil·lars severes mitjançant implants subperiòstics - Avinent","isPartOf":{"@id":"https://avinent.com/#website"},"datePublished":"2024-10-08T15:28:52+00:00","dateModified":"2025-03-11T10:24:29+00:00","description":"El proper 6 i 7 de juny, oferim dos dies de formació intensiva juntament amb quatre grans professionals del sector dental. No et quedis sense la teva plaça!","breadcrumb":{"@id":"https://avinent.wwwarcelona.net/ca/courses/atrofies-maxillars-severes-mitjancant-implants-subperiostics/#breadcrumb"},"inLanguage":"ca","potentialAction":[{"@type":"ReadAction","target":["https://avinent.wwwarcelona.net/ca/courses/atrofies-maxillars-severes-mitjancant-implants-subperiostics/"]}]},{"@type":"BreadcrumbList","@id":"https://avinent.wwwarcelona.net/ca/courses/atrofies-maxillars-severes-mitjancant-implants-subperiostics/#breadcrumb","itemListElement":[{"@type":"ListItem","position":1,"name":"Portada","item":"https://avinent.com/ca/home/"},{"@type":"ListItem","position":2,"name":"Cursos","item":"https://avinent.wwwarcelona.net/courses/"},{"@type":"ListItem","position":3,"name":"Atròfies Maxil·lars severes mitjançant implants subperiòstics"}]},{"@type":"WebSite","@id":"https://avinent.com/#website","url":"https://avinent.com/","name":"Avinent","description":"Todas las soluciones médicas y dentales","publisher":{"@id":"https://avinent.com/#organization"},"potentialAction":[{"@type":"SearchAction","target":{"@type":"EntryPoint","urlTemplate":"https://avinent.com/?s={search_term_string}"},"query-input":{"@type":"PropertyValueSpecification","valueRequired":true,"valueName":"search_term_string"}}],"inLanguage":"ca"},{"@type":"Organization","@id":"https://avinent.com/#organization","name":"Avinent","url":"https://avinent.com/","logo":{"@type":"ImageObject","inLanguage":"ca","@id":"https://avinent.com/#/schema/logo/image/","url":"https://avinent.com/wp-content/uploads/2021/10/cropped-9216650250dc9798b51ff14a0e1c16c7.png","contentUrl":"https://avinent.com/wp-content/uploads/2021/10/cropped-9216650250dc9798b51ff14a0e1c16c7.png","width":122,"height":79,"caption":"Avinent"},"image":{"@id":"https://avinent.com/#/schema/logo/image/"}}]}</script>
<!-- / Yoast SEO plugin. -->

Atròfies Maxil·lars severes mitjançant implants subperiòstics - Avinent

El proper 6 i 7 de juny, oferim dos dies de formació intensiva juntament amb quatre grans professionals del sector dental. No et quedis sense la teva plaça!

Todas las soluciones médicas y dentales
