{"id":34457,"date":"2025-06-26T12:56:43","date_gmt":"2025-06-26T10:56:43","guid":{"rendered":"https:\/\/avinent.com\/events\/avinent-congress-2025\/"},"modified":"2025-11-03T12:52:16","modified_gmt":"2025-11-03T11:52:16","slug":"congres-avinent-2025","status":"publish","type":"events","link":"https:\/\/avinent.com\/ca\/events\/congres-avinent-2025\/","title":{"rendered":"AVINENT CONGRESS 2025"},"content":{"rendered":"\n<p>Del 23 al 24 d&#8217;octubre serem presents a La Llotja de Mar, Barcelona a l&#8217;Avinent Congress 2025.<\/p>\n\n<p><br\/>Un congr\u00e9s de dos dies on gaudirem d\u00b4una experi\u00e8ncia immersiva de coneixements i aprenentatge amb xerrades de renom de diferents professionals del sector amb qui visualitzarem el futur de l\u00b4odontologia.<\/p>\n\n<p><strong>Preprograma del Congr\u00e9s<\/strong><\/p>\n\n<ul class=\"wp-block-list\">\n<li>Dijous 23 octubre a partir de les 10:00 hi fins a les 20:00 h. Exposici\u00f3 de novetats, equips digitals, Showroom, mostres de producte, formacions, pon\u00e8ncies i molt m\u00e9s. <br\/><\/li>\n\n\n\n<li>Divendres 24 d&#8217;octubre de 8:30h a 20:00h (o fins que aguantis!). Dia de coneixements amb xerrades de 45 minuts amb professionals del sector de renom. Esmorzar, dinar de la m\u00e0 del Xef m\u00e9s prestigi\u00f3s de la capital, tarda i m\u00e9s sorpreses.  <\/li>\n<\/ul>\n","protected":false},"excerpt":{"rendered":"<p>Avinent ha preparat l&#8217;esdeveniment m\u00e9s gran del futur dental i m\u00e8dic. Apr\u00e8n de la m\u00e0 de grans professionals! <\/p>\n","protected":false},"featured_media":0,"parent":0,"template":"","director":[],"ciutat-curs":[513],"segment":[327,328,329,339],"class_list":["post-34457","events","type-events","status-publish","hentry","ciutat-curs-barcelona-ca","segments-implants-ca","segments-cad-cam-ca","segments-craneomaxilofacial-ca","segments-ortodoncia-ca"],"acf":[],"yoast_head":"<!-- This site is optimized with the Yoast SEO plugin v26.8 - https:\/\/yoast.com\/product\/yoast-seo-wordpress\/ -->\n<title>AVINENT CONGRESS 2025 - Avinent<\/title>\n<meta name=\"description\" content=\"Avinent ha preparat l&#039;esdeveniment m\u00e9s gran del futur dental i m\u00e8dic. Apr\u00e8n de la m\u00e0 de grans professionals!\" \/>\n<meta name=\"robots\" content=\"index, follow, max-snippet:-1, max-image-preview:large, max-video-preview:-1\" \/>\n<meta property=\"og:locale\" content=\"ca_ES\" \/>\n<meta property=\"og:type\" content=\"article\" \/>\n<meta property=\"og:title\" content=\"AVINENT CONGRESS 2025 - Avinent\" \/>\n<meta property=\"og:description\" content=\"Avinent ha preparat l&#039;esdeveniment m\u00e9s gran del futur dental i m\u00e8dic. Apr\u00e8n de la m\u00e0 de grans professionals!\" \/>\n<meta property=\"og:url\" content=\"https:\/\/avinent.com\/ca\/events\/congres-avinent-2025\/\" \/>\n<meta property=\"og:site_name\" content=\"Avinent\" \/>\n<meta property=\"article:modified_time\" content=\"2025-11-03T11:52:16+00:00\" \/>\n<meta name=\"twitter:card\" content=\"summary_large_image\" \/>\n<meta name=\"twitter:label1\" content=\"Temps estimat de lectura\" \/>\n\t<meta name=\"twitter:data1\" content=\"1 minut\" \/>\n<script type=\"application\/ld+json\" class=\"yoast-schema-graph\">{\"@context\":\"https:\/\/schema.org\",\"@graph\":[{\"@type\":\"WebPage\",\"@id\":\"https:\/\/avinent.com\/ca\/events\/congres-avinent-2025\/\",\"url\":\"https:\/\/avinent.com\/ca\/events\/congres-avinent-2025\/\",\"name\":\"AVINENT CONGRESS 2025 - Avinent\",\"isPartOf\":{\"@id\":\"https:\/\/avinent.com\/#website\"},\"datePublished\":\"2025-06-26T10:56:43+00:00\",\"dateModified\":\"2025-11-03T11:52:16+00:00\",\"description\":\"Avinent ha preparat l'esdeveniment m\u00e9s gran del futur dental i m\u00e8dic. Apr\u00e8n de la m\u00e0 de grans professionals!\",\"breadcrumb\":{\"@id\":\"https:\/\/avinent.com\/ca\/events\/congres-avinent-2025\/#breadcrumb\"},\"inLanguage\":\"ca\",\"potentialAction\":[{\"@type\":\"ReadAction\",\"target\":[\"https:\/\/avinent.com\/ca\/events\/congres-avinent-2025\/\"]}]},{\"@type\":\"BreadcrumbList\",\"@id\":\"https:\/\/avinent.com\/ca\/events\/congres-avinent-2025\/#breadcrumb\",\"itemListElement\":[{\"@type\":\"ListItem\",\"position\":1,\"name\":\"Portada\",\"item\":\"https:\/\/avinent.com\/ca\/home\/\"},{\"@type\":\"ListItem\",\"position\":2,\"name\":\"Events\",\"item\":\"https:\/\/avinent.wwwarcelona.net\/blog\/events\/\"},{\"@type\":\"ListItem\",\"position\":3,\"name\":\"AVINENT CONGRESS 2025\"}]},{\"@type\":\"WebSite\",\"@id\":\"https:\/\/avinent.com\/#website\",\"url\":\"https:\/\/avinent.com\/\",\"name\":\"Avinent\",\"description\":\"Todas las soluciones m\u00e9dicas y dentales\",\"publisher\":{\"@id\":\"https:\/\/avinent.com\/#organization\"},\"potentialAction\":[{\"@type\":\"SearchAction\",\"target\":{\"@type\":\"EntryPoint\",\"urlTemplate\":\"https:\/\/avinent.com\/?s={search_term_string}\"},\"query-input\":{\"@type\":\"PropertyValueSpecification\",\"valueRequired\":true,\"valueName\":\"search_term_string\"}}],\"inLanguage\":\"ca\"},{\"@type\":\"Organization\",\"@id\":\"https:\/\/avinent.com\/#organization\",\"name\":\"Avinent\",\"url\":\"https:\/\/avinent.com\/\",\"logo\":{\"@type\":\"ImageObject\",\"inLanguage\":\"ca\",\"@id\":\"https:\/\/avinent.com\/#\/schema\/logo\/image\/\",\"url\":\"https:\/\/avinent.com\/wp-content\/uploads\/2021\/10\/cropped-9216650250dc9798b51ff14a0e1c16c7.png\",\"contentUrl\":\"https:\/\/avinent.com\/wp-content\/uploads\/2021\/10\/cropped-9216650250dc9798b51ff14a0e1c16c7.png\",\"width\":122,\"height\":79,\"caption\":\"Avinent\"},\"image\":{\"@id\":\"https:\/\/avinent.com\/#\/schema\/logo\/image\/\"}}]}<\/script>\n<!-- \/ Yoast SEO plugin. -->","yoast_head_json":{"title":"AVINENT CONGRESS 2025 - Avinent","description":"Avinent ha preparat l'esdeveniment m\u00e9s gran del futur dental i m\u00e8dic. Apr\u00e8n de la m\u00e0 de grans professionals!","robots":{"index":"index","follow":"follow","max-snippet":"max-snippet:-1","max-image-preview":"max-image-preview:large","max-video-preview":"max-video-preview:-1"},"og_locale":"ca_ES","og_type":"article","og_title":"AVINENT CONGRESS 2025 - Avinent","og_description":"Avinent ha preparat l'esdeveniment m\u00e9s gran del futur dental i m\u00e8dic. Apr\u00e8n de la m\u00e0 de grans professionals!","og_url":"https:\/\/avinent.com\/ca\/events\/congres-avinent-2025\/","og_site_name":"Avinent","article_modified_time":"2025-11-03T11:52:16+00:00","twitter_card":"summary_large_image","twitter_misc":{"Temps estimat de lectura":"1 minut"},"schema":{"@context":"https:\/\/schema.org","@graph":[{"@type":"WebPage","@id":"https:\/\/avinent.com\/ca\/events\/congres-avinent-2025\/","url":"https:\/\/avinent.com\/ca\/events\/congres-avinent-2025\/","name":"AVINENT CONGRESS 2025 - Avinent","isPartOf":{"@id":"https:\/\/avinent.com\/#website"},"datePublished":"2025-06-26T10:56:43+00:00","dateModified":"2025-11-03T11:52:16+00:00","description":"Avinent ha preparat l'esdeveniment m\u00e9s gran del futur dental i m\u00e8dic. Apr\u00e8n de la m\u00e0 de grans professionals!","breadcrumb":{"@id":"https:\/\/avinent.com\/ca\/events\/congres-avinent-2025\/#breadcrumb"},"inLanguage":"ca","potentialAction":[{"@type":"ReadAction","target":["https:\/\/avinent.com\/ca\/events\/congres-avinent-2025\/"]}]},{"@type":"BreadcrumbList","@id":"https:\/\/avinent.com\/ca\/events\/congres-avinent-2025\/#breadcrumb","itemListElement":[{"@type":"ListItem","position":1,"name":"Portada","item":"https:\/\/avinent.com\/ca\/home\/"},{"@type":"ListItem","position":2,"name":"Events","item":"https:\/\/avinent.wwwarcelona.net\/blog\/events\/"},{"@type":"ListItem","position":3,"name":"AVINENT CONGRESS 2025"}]},{"@type":"WebSite","@id":"https:\/\/avinent.com\/#website","url":"https:\/\/avinent.com\/","name":"Avinent","description":"Todas las soluciones m\u00e9dicas y dentales","publisher":{"@id":"https:\/\/avinent.com\/#organization"},"potentialAction":[{"@type":"SearchAction","target":{"@type":"EntryPoint","urlTemplate":"https:\/\/avinent.com\/?s={search_term_string}"},"query-input":{"@type":"PropertyValueSpecification","valueRequired":true,"valueName":"search_term_string"}}],"inLanguage":"ca"},{"@type":"Organization","@id":"https:\/\/avinent.com\/#organization","name":"Avinent","url":"https:\/\/avinent.com\/","logo":{"@type":"ImageObject","inLanguage":"ca","@id":"https:\/\/avinent.com\/#\/schema\/logo\/image\/","url":"https:\/\/avinent.com\/wp-content\/uploads\/2021\/10\/cropped-9216650250dc9798b51ff14a0e1c16c7.png","contentUrl":"https:\/\/avinent.com\/wp-content\/uploads\/2021\/10\/cropped-9216650250dc9798b51ff14a0e1c16c7.png","width":122,"height":79,"caption":"Avinent"},"image":{"@id":"https:\/\/avinent.com\/#\/schema\/logo\/image\/"}}]}},"_links":{"self":[{"href":"https:\/\/avinent.com\/ca\/wp-json\/wp\/v2\/events\/34457","targetHints":{"allow":["GET"]}}],"collection":[{"href":"https:\/\/avinent.com\/ca\/wp-json\/wp\/v2\/events"}],"about":[{"href":"https:\/\/avinent.com\/ca\/wp-json\/wp\/v2\/types\/events"}],"wp:attachment":[{"href":"https:\/\/avinent.com\/ca\/wp-json\/wp\/v2\/media?parent=34457"}],"wp:term":[{"taxonomy":"director","embeddable":true,"href":"https:\/\/avinent.com\/ca\/wp-json\/wp\/v2\/director?post=34457"},{"taxonomy":"ciutat-curs","embeddable":true,"href":"https:\/\/avinent.com\/ca\/wp-json\/wp\/v2\/ciutat-curs?post=34457"},{"taxonomy":"segments","embeddable":true,"href":"https:\/\/avinent.com\/ca\/wp-json\/wp\/v2\/segment?post=34457"}],"curies":[{"name":"wp","href":"https:\/\/api.w.org\/{rel}","templated":true}]}}

<p>Del 23 al 24 d&#8217;octubre serem presents a La Llotja de Mar, Barcelona a l&#8217;Avinent Congress 2025.</p>

<p><br/>Un congrés de dos dies on gaudirem d´una experiència immersiva de coneixements i aprenentatge amb xerrades de renom de diferents professionals del sector amb qui visualitzarem el futur de l´odontologia.</p>

<p><strong>Preprograma del Congrés</strong></p>

<ul class="wp-block-list">
<li>Dijous 23 octubre a partir de les 10:00 hi fins a les 20:00 h. Exposició de novetats, equips digitals, Showroom, mostres de producte, formacions, ponències i molt més. <br/></li>



<li>Divendres 24 d&#8217;octubre de 8:30h a 20:00h (o fins que aguantis!). Dia de coneixements amb xerrades de 45 minuts amb professionals del sector de renom. Esmorzar, dinar de la mà del Xef més prestigiós de la capital, tarda i més sorpreses.  </li>
</ul>

<p>Avinent ha preparat l&#8217;esdeveniment més gran del futur dental i mèdic. Aprèn de la mà de grans professionals! </p>

<!-- This site is optimized with the Yoast SEO plugin v26.8 - https://yoast.com/product/yoast-seo-wordpress/ -->
<title>AVINENT CONGRESS 2025 - Avinent</title>
<meta name="description" content="Avinent ha preparat l&#039;esdeveniment més gran del futur dental i mèdic. Aprèn de la mà de grans professionals!" />
<meta name="robots" content="index, follow, max-snippet:-1, max-image-preview:large, max-video-preview:-1" />
<meta property="og:locale" content="ca_ES" />
<meta property="og:type" content="article" />
<meta property="og:title" content="AVINENT CONGRESS 2025 - Avinent" />
<meta property="og:description" content="Avinent ha preparat l&#039;esdeveniment més gran del futur dental i mèdic. Aprèn de la mà de grans professionals!" />
<meta property="og:url" content="https://avinent.com/ca/events/congres-avinent-2025/" />
<meta property="og:site_name" content="Avinent" />
<meta property="article:modified_time" content="2025-11-03T11:52:16+00:00" />
<meta name="twitter:card" content="summary_large_image" />
<meta name="twitter:label1" content="Temps estimat de lectura" />
	<meta name="twitter:data1" content="1 minut" />
<script type="application/ld+json" class="yoast-schema-graph">{"@context":"https://schema.org","@graph":[{"@type":"WebPage","@id":"https://avinent.com/ca/events/congres-avinent-2025/","url":"https://avinent.com/ca/events/congres-avinent-2025/","name":"AVINENT CONGRESS 2025 - Avinent","isPartOf":{"@id":"https://avinent.com/#website"},"datePublished":"2025-06-26T10:56:43+00:00","dateModified":"2025-11-03T11:52:16+00:00","description":"Avinent ha preparat l'esdeveniment més gran del futur dental i mèdic. Aprèn de la mà de grans professionals!","breadcrumb":{"@id":"https://avinent.com/ca/events/congres-avinent-2025/#breadcrumb"},"inLanguage":"ca","potentialAction":[{"@type":"ReadAction","target":["https://avinent.com/ca/events/congres-avinent-2025/"]}]},{"@type":"BreadcrumbList","@id":"https://avinent.com/ca/events/congres-avinent-2025/#breadcrumb","itemListElement":[{"@type":"ListItem","position":1,"name":"Portada","item":"https://avinent.com/ca/home/"},{"@type":"ListItem","position":2,"name":"Events","item":"https://avinent.wwwarcelona.net/blog/events/"},{"@type":"ListItem","position":3,"name":"AVINENT CONGRESS 2025"}]},{"@type":"WebSite","@id":"https://avinent.com/#website","url":"https://avinent.com/","name":"Avinent","description":"Todas las soluciones médicas y dentales","publisher":{"@id":"https://avinent.com/#organization"},"potentialAction":[{"@type":"SearchAction","target":{"@type":"EntryPoint","urlTemplate":"https://avinent.com/?s={search_term_string}"},"query-input":{"@type":"PropertyValueSpecification","valueRequired":true,"valueName":"search_term_string"}}],"inLanguage":"ca"},{"@type":"Organization","@id":"https://avinent.com/#organization","name":"Avinent","url":"https://avinent.com/","logo":{"@type":"ImageObject","inLanguage":"ca","@id":"https://avinent.com/#/schema/logo/image/","url":"https://avinent.com/wp-content/uploads/2021/10/cropped-9216650250dc9798b51ff14a0e1c16c7.png","contentUrl":"https://avinent.com/wp-content/uploads/2021/10/cropped-9216650250dc9798b51ff14a0e1c16c7.png","width":122,"height":79,"caption":"Avinent"},"image":{"@id":"https://avinent.com/#/schema/logo/image/"}}]}</script>
<!-- / Yoast SEO plugin. -->

Avinent ha preparat l'esdeveniment més gran del futur dental i mèdic. Aprèn de la mà de grans professionals!

Todas las soluciones médicas y dentales
