{"id":8595,"date":"2023-11-06T14:20:42","date_gmt":"2023-11-06T12:20:42","guid":{"rendered":"http:\/\/www.avinent.com\/?post_type=events&#038;p=8595"},"modified":"2025-03-03T13:07:07","modified_gmt":"2025-03-03T12:07:07","slug":"alignea","status":"publish","type":"events","link":"https:\/\/avinent.com\/en\/events\/alignea\/","title":{"rendered":"ALIGNEA"},"content":{"rendered":"\n\t\t\t\t\n<p>El IX Congreso Internacional de Alineadores tendr\u00e1 lugar en Salamanca los d\u00edas 22, 23 y 24 de febrero de 2024.<\/p>\n\n\n\n<p>El Congreso girar\u00e1 en torno a los <strong>\u00faltimos avances en Alineadores<\/strong>, ofreciendo un programa cient\u00edfico de elevado nivel y contando con los ponentes m\u00e1s relevantes del mundo.<\/p>\n\n\n\n<p>Descubre todos los cursos y las ponencias cient\u00edficas y sociales que se realizan a lo largo del Congreso, y que est\u00e1n <strong>dirigidas por Doctores\/as Internacionales de gran renombre<\/strong> en el campo de los Alineadores. <br><\/p>\n\n\n\n<div style=\"height:25px\" aria-hidden=\"true\" class=\"wp-block-spacer\"><\/div>\n\n\n\n<div class=\"wp-block-button aligncenter is-style-outline is-style-outline--1\"><a class=\"wp-block-button__link\" href=\"https:\/\/congresoalineadores.com\/inscripciones\/\">Realizar las inscripciones<br><\/a><\/div>\n\n\n\n<p><\/p>\n\t\t","protected":false},"excerpt":{"rendered":"<p>\t\t\t\tDescubre el IX Congreso Internacional de Alineadores de la Asociaci\u00f3n Espa\u00f1ola de Ortodoncia Pl\u00e1stica (ALIGNEA). \u00a1Un Congreso \u00fanico y un programa cient\u00edfico de elevado nivel que no puedes perderte!\t\t<\/p>\n","protected":false},"featured_media":7732,"parent":0,"template":"","director":[],"ciutat-curs":[310],"segment":[173],"class_list":["post-8595","events","type-events","status-publish","has-post-thumbnail","hentry","ciutat-curs-salamanca","segments-ortodoncia"],"acf":[],"yoast_head":"<!-- This site is optimized with the Yoast SEO plugin v26.8 - https:\/\/yoast.com\/product\/yoast-seo-wordpress\/ -->\n<title>ALIGNEA - Avinent<\/title>\n<meta name=\"robots\" content=\"index, follow, max-snippet:-1, max-image-preview:large, max-video-preview:-1\" \/>\n<meta property=\"og:locale\" content=\"en_US\" \/>\n<meta property=\"og:type\" content=\"article\" \/>\n<meta property=\"og:title\" content=\"ALIGNEA - Avinent\" \/>\n<meta property=\"og:description\" content=\"Descubre el IX Congreso Internacional de Alineadores de la Asociaci\u00f3n Espa\u00f1ola de Ortodoncia Pl\u00e1stica (ALIGNEA). \u00a1Un Congreso \u00fanico y un programa cient\u00edfico de elevado nivel que no puedes perderte!\" \/>\n<meta property=\"og:url\" content=\"https:\/\/avinent.wwwarcelona.net\/events\/alignea\/\" \/>\n<meta property=\"og:site_name\" content=\"Avinent\" \/>\n<meta property=\"article:modified_time\" content=\"2025-03-03T12:07:07+00:00\" \/>\n<meta property=\"og:image\" content=\"https:\/\/avinent.wwwarcelona.net\/wp-content\/uploads\/2023\/01\/viii-congreso-y-aligneo-1.jpeg\" \/>\n\t<meta property=\"og:image:width\" content=\"800\" \/>\n\t<meta property=\"og:image:height\" content=\"200\" \/>\n\t<meta property=\"og:image:type\" content=\"image\/jpeg\" \/>\n<meta name=\"twitter:card\" content=\"summary_large_image\" \/>\n<meta name=\"twitter:label1\" content=\"Est. reading time\" \/>\n\t<meta name=\"twitter:data1\" content=\"1 minute\" \/>\n<script type=\"application\/ld+json\" class=\"yoast-schema-graph\">{\"@context\":\"https:\/\/schema.org\",\"@graph\":[{\"@type\":\"WebPage\",\"@id\":\"https:\/\/avinent.wwwarcelona.net\/events\/alignea\/\",\"url\":\"https:\/\/avinent.wwwarcelona.net\/events\/alignea\/\",\"name\":\"ALIGNEA - Avinent\",\"isPartOf\":{\"@id\":\"https:\/\/avinent.com\/#website\"},\"primaryImageOfPage\":{\"@id\":\"https:\/\/avinent.wwwarcelona.net\/events\/alignea\/#primaryimage\"},\"image\":{\"@id\":\"https:\/\/avinent.wwwarcelona.net\/events\/alignea\/#primaryimage\"},\"thumbnailUrl\":\"https:\/\/avinent.com\/wp-content\/uploads\/2023\/01\/viii-congreso-y-aligneo-1.jpeg\",\"datePublished\":\"2023-11-06T12:20:42+00:00\",\"dateModified\":\"2025-03-03T12:07:07+00:00\",\"breadcrumb\":{\"@id\":\"https:\/\/avinent.wwwarcelona.net\/events\/alignea\/#breadcrumb\"},\"inLanguage\":\"en\",\"potentialAction\":[{\"@type\":\"ReadAction\",\"target\":[\"https:\/\/avinent.wwwarcelona.net\/events\/alignea\/\"]}]},{\"@type\":\"ImageObject\",\"inLanguage\":\"en\",\"@id\":\"https:\/\/avinent.wwwarcelona.net\/events\/alignea\/#primaryimage\",\"url\":\"https:\/\/avinent.com\/wp-content\/uploads\/2023\/01\/viii-congreso-y-aligneo-1.jpeg\",\"contentUrl\":\"https:\/\/avinent.com\/wp-content\/uploads\/2023\/01\/viii-congreso-y-aligneo-1.jpeg\",\"width\":800,\"height\":200,\"caption\":\"\"},{\"@type\":\"BreadcrumbList\",\"@id\":\"https:\/\/avinent.wwwarcelona.net\/events\/alignea\/#breadcrumb\",\"itemListElement\":[{\"@type\":\"ListItem\",\"position\":1,\"name\":\"Portada\",\"item\":\"https:\/\/avinent.com\/en\/home\/\"},{\"@type\":\"ListItem\",\"position\":2,\"name\":\"Events\",\"item\":\"https:\/\/avinent.wwwarcelona.net\/blog\/events\/\"},{\"@type\":\"ListItem\",\"position\":3,\"name\":\"ALIGNEA\"}]},{\"@type\":\"WebSite\",\"@id\":\"https:\/\/avinent.com\/#website\",\"url\":\"https:\/\/avinent.com\/\",\"name\":\"Avinent\",\"description\":\"Todas las soluciones m\u00e9dicas y dentales\",\"publisher\":{\"@id\":\"https:\/\/avinent.com\/#organization\"},\"potentialAction\":[{\"@type\":\"SearchAction\",\"target\":{\"@type\":\"EntryPoint\",\"urlTemplate\":\"https:\/\/avinent.com\/?s={search_term_string}\"},\"query-input\":{\"@type\":\"PropertyValueSpecification\",\"valueRequired\":true,\"valueName\":\"search_term_string\"}}],\"inLanguage\":\"en\"},{\"@type\":\"Organization\",\"@id\":\"https:\/\/avinent.com\/#organization\",\"name\":\"Avinent\",\"url\":\"https:\/\/avinent.com\/\",\"logo\":{\"@type\":\"ImageObject\",\"inLanguage\":\"en\",\"@id\":\"https:\/\/avinent.com\/#\/schema\/logo\/image\/\",\"url\":\"https:\/\/avinent.com\/wp-content\/uploads\/2021\/10\/cropped-9216650250dc9798b51ff14a0e1c16c7.png\",\"contentUrl\":\"https:\/\/avinent.com\/wp-content\/uploads\/2021\/10\/cropped-9216650250dc9798b51ff14a0e1c16c7.png\",\"width\":122,\"height\":79,\"caption\":\"Avinent\"},\"image\":{\"@id\":\"https:\/\/avinent.com\/#\/schema\/logo\/image\/\"}}]}<\/script>\n<!-- \/ Yoast SEO plugin. -->","yoast_head_json":{"title":"ALIGNEA - Avinent","robots":{"index":"index","follow":"follow","max-snippet":"max-snippet:-1","max-image-preview":"max-image-preview:large","max-video-preview":"max-video-preview:-1"},"og_locale":"en_US","og_type":"article","og_title":"ALIGNEA - Avinent","og_description":"Descubre el IX Congreso Internacional de Alineadores de la Asociaci\u00f3n Espa\u00f1ola de Ortodoncia Pl\u00e1stica (ALIGNEA). \u00a1Un Congreso \u00fanico y un programa cient\u00edfico de elevado nivel que no puedes perderte!","og_url":"https:\/\/avinent.wwwarcelona.net\/events\/alignea\/","og_site_name":"Avinent","article_modified_time":"2025-03-03T12:07:07+00:00","og_image":[{"width":800,"height":200,"url":"https:\/\/avinent.wwwarcelona.net\/wp-content\/uploads\/2023\/01\/viii-congreso-y-aligneo-1.jpeg","type":"image\/jpeg"}],"twitter_card":"summary_large_image","twitter_misc":{"Est. reading time":"1 minute"},"schema":{"@context":"https:\/\/schema.org","@graph":[{"@type":"WebPage","@id":"https:\/\/avinent.wwwarcelona.net\/events\/alignea\/","url":"https:\/\/avinent.wwwarcelona.net\/events\/alignea\/","name":"ALIGNEA - Avinent","isPartOf":{"@id":"https:\/\/avinent.com\/#website"},"primaryImageOfPage":{"@id":"https:\/\/avinent.wwwarcelona.net\/events\/alignea\/#primaryimage"},"image":{"@id":"https:\/\/avinent.wwwarcelona.net\/events\/alignea\/#primaryimage"},"thumbnailUrl":"https:\/\/avinent.com\/wp-content\/uploads\/2023\/01\/viii-congreso-y-aligneo-1.jpeg","datePublished":"2023-11-06T12:20:42+00:00","dateModified":"2025-03-03T12:07:07+00:00","breadcrumb":{"@id":"https:\/\/avinent.wwwarcelona.net\/events\/alignea\/#breadcrumb"},"inLanguage":"en","potentialAction":[{"@type":"ReadAction","target":["https:\/\/avinent.wwwarcelona.net\/events\/alignea\/"]}]},{"@type":"ImageObject","inLanguage":"en","@id":"https:\/\/avinent.wwwarcelona.net\/events\/alignea\/#primaryimage","url":"https:\/\/avinent.com\/wp-content\/uploads\/2023\/01\/viii-congreso-y-aligneo-1.jpeg","contentUrl":"https:\/\/avinent.com\/wp-content\/uploads\/2023\/01\/viii-congreso-y-aligneo-1.jpeg","width":800,"height":200,"caption":""},{"@type":"BreadcrumbList","@id":"https:\/\/avinent.wwwarcelona.net\/events\/alignea\/#breadcrumb","itemListElement":[{"@type":"ListItem","position":1,"name":"Portada","item":"https:\/\/avinent.com\/en\/home\/"},{"@type":"ListItem","position":2,"name":"Events","item":"https:\/\/avinent.wwwarcelona.net\/blog\/events\/"},{"@type":"ListItem","position":3,"name":"ALIGNEA"}]},{"@type":"WebSite","@id":"https:\/\/avinent.com\/#website","url":"https:\/\/avinent.com\/","name":"Avinent","description":"Todas las soluciones m\u00e9dicas y dentales","publisher":{"@id":"https:\/\/avinent.com\/#organization"},"potentialAction":[{"@type":"SearchAction","target":{"@type":"EntryPoint","urlTemplate":"https:\/\/avinent.com\/?s={search_term_string}"},"query-input":{"@type":"PropertyValueSpecification","valueRequired":true,"valueName":"search_term_string"}}],"inLanguage":"en"},{"@type":"Organization","@id":"https:\/\/avinent.com\/#organization","name":"Avinent","url":"https:\/\/avinent.com\/","logo":{"@type":"ImageObject","inLanguage":"en","@id":"https:\/\/avinent.com\/#\/schema\/logo\/image\/","url":"https:\/\/avinent.com\/wp-content\/uploads\/2021\/10\/cropped-9216650250dc9798b51ff14a0e1c16c7.png","contentUrl":"https:\/\/avinent.com\/wp-content\/uploads\/2021\/10\/cropped-9216650250dc9798b51ff14a0e1c16c7.png","width":122,"height":79,"caption":"Avinent"},"image":{"@id":"https:\/\/avinent.com\/#\/schema\/logo\/image\/"}}]}},"_links":{"self":[{"href":"https:\/\/avinent.com\/en\/wp-json\/wp\/v2\/events\/8595","targetHints":{"allow":["GET"]}}],"collection":[{"href":"https:\/\/avinent.com\/en\/wp-json\/wp\/v2\/events"}],"about":[{"href":"https:\/\/avinent.com\/en\/wp-json\/wp\/v2\/types\/events"}],"wp:featuredmedia":[{"embeddable":true,"href":"https:\/\/avinent.com\/en\/wp-json\/wp\/v2\/media\/7732"}],"wp:attachment":[{"href":"https:\/\/avinent.com\/en\/wp-json\/wp\/v2\/media?parent=8595"}],"wp:term":[{"taxonomy":"director","embeddable":true,"href":"https:\/\/avinent.com\/en\/wp-json\/wp\/v2\/director?post=8595"},{"taxonomy":"ciutat-curs","embeddable":true,"href":"https:\/\/avinent.com\/en\/wp-json\/wp\/v2\/ciutat-curs?post=8595"},{"taxonomy":"segments","embeddable":true,"href":"https:\/\/avinent.com\/en\/wp-json\/wp\/v2\/segment?post=8595"}],"curies":[{"name":"wp","href":"https:\/\/api.w.org\/{rel}","templated":true}]}}

<p>El IX Congreso Internacional de Alineadores tendrá lugar en Salamanca los días 22, 23 y 24 de febrero de 2024.</p>



<p>El Congreso girará en torno a los <strong>últimos avances en Alineadores</strong>, ofreciendo un programa científico de elevado nivel y contando con los ponentes más relevantes del mundo.</p>



<p>Descubre todos los cursos y las ponencias científicas y sociales que se realizan a lo largo del Congreso, y que están <strong>dirigidas por Doctores/as Internacionales de gran renombre</strong> en el campo de los Alineadores. <br></p>



<div style="height:25px" aria-hidden="true" class="wp-block-spacer"></div>



<div class="wp-block-button aligncenter is-style-outline is-style-outline--1"><a class="wp-block-button__link" href="https://congresoalineadores.com/inscripciones/">Realizar las inscripciones<br></a></div>



<p></p>

<p>				Descubre el IX Congreso Internacional de Alineadores de la Asociación Española de Ortodoncia Plástica (ALIGNEA). ¡Un Congreso único y un programa científico de elevado nivel que no puedes perderte!		</p>

<!-- This site is optimized with the Yoast SEO plugin v26.8 - https://yoast.com/product/yoast-seo-wordpress/ -->
<title>ALIGNEA - Avinent</title>
<meta name="robots" content="index, follow, max-snippet:-1, max-image-preview:large, max-video-preview:-1" />
<meta property="og:locale" content="en_US" />
<meta property="og:type" content="article" />
<meta property="og:title" content="ALIGNEA - Avinent" />
<meta property="og:description" content="Descubre el IX Congreso Internacional de Alineadores de la Asociación Española de Ortodoncia Plástica (ALIGNEA). ¡Un Congreso único y un programa científico de elevado nivel que no puedes perderte!" />
<meta property="og:url" content="https://avinent.wwwarcelona.net/events/alignea/" />
<meta property="og:site_name" content="Avinent" />
<meta property="article:modified_time" content="2025-03-03T12:07:07+00:00" />
<meta property="og:image" content="https://avinent.wwwarcelona.net/wp-content/uploads/2023/01/viii-congreso-y-aligneo-1.jpeg" />
	<meta property="og:image:width" content="800" />
	<meta property="og:image:height" content="200" />
	<meta property="og:image:type" content="image/jpeg" />
<meta name="twitter:card" content="summary_large_image" />
<meta name="twitter:label1" content="Est. reading time" />
	<meta name="twitter:data1" content="1 minute" />
<script type="application/ld+json" class="yoast-schema-graph">{"@context":"https://schema.org","@graph":[{"@type":"WebPage","@id":"https://avinent.wwwarcelona.net/events/alignea/","url":"https://avinent.wwwarcelona.net/events/alignea/","name":"ALIGNEA - Avinent","isPartOf":{"@id":"https://avinent.com/#website"},"primaryImageOfPage":{"@id":"https://avinent.wwwarcelona.net/events/alignea/#primaryimage"},"image":{"@id":"https://avinent.wwwarcelona.net/events/alignea/#primaryimage"},"thumbnailUrl":"https://avinent.com/wp-content/uploads/2023/01/viii-congreso-y-aligneo-1.jpeg","datePublished":"2023-11-06T12:20:42+00:00","dateModified":"2025-03-03T12:07:07+00:00","breadcrumb":{"@id":"https://avinent.wwwarcelona.net/events/alignea/#breadcrumb"},"inLanguage":"en","potentialAction":[{"@type":"ReadAction","target":["https://avinent.wwwarcelona.net/events/alignea/"]}]},{"@type":"ImageObject","inLanguage":"en","@id":"https://avinent.wwwarcelona.net/events/alignea/#primaryimage","url":"https://avinent.com/wp-content/uploads/2023/01/viii-congreso-y-aligneo-1.jpeg","contentUrl":"https://avinent.com/wp-content/uploads/2023/01/viii-congreso-y-aligneo-1.jpeg","width":800,"height":200,"caption":""},{"@type":"BreadcrumbList","@id":"https://avinent.wwwarcelona.net/events/alignea/#breadcrumb","itemListElement":[{"@type":"ListItem","position":1,"name":"Portada","item":"https://avinent.com/en/home/"},{"@type":"ListItem","position":2,"name":"Events","item":"https://avinent.wwwarcelona.net/blog/events/"},{"@type":"ListItem","position":3,"name":"ALIGNEA"}]},{"@type":"WebSite","@id":"https://avinent.com/#website","url":"https://avinent.com/","name":"Avinent","description":"Todas las soluciones médicas y dentales","publisher":{"@id":"https://avinent.com/#organization"},"potentialAction":[{"@type":"SearchAction","target":{"@type":"EntryPoint","urlTemplate":"https://avinent.com/?s={search_term_string}"},"query-input":{"@type":"PropertyValueSpecification","valueRequired":true,"valueName":"search_term_string"}}],"inLanguage":"en"},{"@type":"Organization","@id":"https://avinent.com/#organization","name":"Avinent","url":"https://avinent.com/","logo":{"@type":"ImageObject","inLanguage":"en","@id":"https://avinent.com/#/schema/logo/image/","url":"https://avinent.com/wp-content/uploads/2021/10/cropped-9216650250dc9798b51ff14a0e1c16c7.png","contentUrl":"https://avinent.com/wp-content/uploads/2021/10/cropped-9216650250dc9798b51ff14a0e1c16c7.png","width":122,"height":79,"caption":"Avinent"},"image":{"@id":"https://avinent.com/#/schema/logo/image/"}}]}</script>
<!-- / Yoast SEO plugin. -->

Descubre el IX Congreso Internacional de Alineadores de la Asociación Española de Ortodoncia Plástica (ALIGNEA). ¡Un Congreso único y un programa científico de elevado nivel que no puedes perderte!

Todas las soluciones médicas y dentales
