{"id":8634,"date":"2024-01-12T13:03:41","date_gmt":"2024-01-12T11:03:41","guid":{"rendered":"http:\/\/www.avinent.com\/?post_type=events&#038;p=8634"},"modified":"2025-03-20T11:35:11","modified_gmt":"2025-03-20T10:35:11","slug":"sedo-murcia","status":"publish","type":"events","link":"https:\/\/avinent.com\/pt-pt\/events\/sedo-murcia\/","title":{"rendered":"SEDO"},"content":{"rendered":"\n<p>Del 11 al 14 de junio, nos vemos en Murcia para <strong>celebrar el Congreso Internacional de Ortodoncia  SEDO<\/strong>, con un programa cient\u00edfico pensando en el tratamiento integral del paciente adulto.<\/p>\n\n\n\n<p>La <strong>ortodoncia es parte esencial en los tratamientos interdisciplinares<\/strong>, y por eso el Comit\u00e9 Cient\u00edfico ha contado con algunos de los mejores conferenciantes a nivel Nacional e Internacional en este \u00e1mbito.<\/p>\n\n\n\n<p>El programa SEDO ha sido dise\u00f1ado de manera que podamos <strong>conocer y aprender las innovaciones en la Ortodoncia<\/strong> y una puesta al d\u00eda en las \u00e1reas m\u00e1s relevantes de la misma, sustent\u00e1ndose para ello en ponentes muy destacados por su perfil profesional y cient\u00edfico.<\/p>\n\n\n\n<p>El congreso de la SEDO es un evento importante para los profesionales de la ortodoncia y se lleva a cabo regularmente para reunir a ortodoncistas, odont\u00f3logos y otros expertos en el campo. <\/p>\n\n\n\n<p>Desde Avinent participaremos en la SEDO de Murcia, para <strong>dar a conocer la revolucionaria marca de nuestros alineadores invisibles<\/strong>. Adem\u00e1s de presentar en el mismo Congreso otras novedades de ortodoncia que faciltar\u00e1n el trabajo de los ortodoncistas.<\/p>\n","protected":false},"excerpt":{"rendered":"<p>\u00a1Este a\u00f1o estaremos presentes en la SEDO de Murcia con Recode Aligners! Ven a descubrir los tratamientos de ortodoncia m\u00e1s innovadores a nivel internacional.\t\t<\/p>\n","protected":false},"featured_media":0,"parent":0,"template":"","director":[],"ciutat-curs":[615],"segment":[173],"class_list":["post-8634","events","type-events","status-publish","hentry","ciutat-curs-murcia","segments-ortodoncia"],"acf":[],"yoast_head":"<!-- This site is optimized with the Yoast SEO plugin v26.8 - https:\/\/yoast.com\/product\/yoast-seo-wordpress\/ -->\n<title>SEDO - Avinent<\/title>\n<meta name=\"description\" content=\"\u00a1Este a\u00f1o estaremos presentes en la SEDO de Murcia con Recode Aligners! Ven a descubrir los tratamientos de ortodoncia.\" \/>\n<meta name=\"robots\" content=\"index, follow, max-snippet:-1, max-image-preview:large, max-video-preview:-1\" \/>\n<meta property=\"og:locale\" content=\"pt_PT\" \/>\n<meta property=\"og:type\" content=\"article\" \/>\n<meta property=\"og:title\" content=\"SEDO - Avinent\" \/>\n<meta property=\"og:description\" content=\"\u00a1Este a\u00f1o estaremos presentes en la SEDO de Murcia con Recode Aligners! Ven a descubrir los tratamientos de ortodoncia.\" \/>\n<meta property=\"og:url\" content=\"https:\/\/avinent.wwwarcelona.net\/events\/sedo-murcia\/\" \/>\n<meta property=\"og:site_name\" content=\"Avinent\" \/>\n<meta property=\"article:modified_time\" content=\"2025-03-20T10:35:11+00:00\" \/>\n<meta name=\"twitter:card\" content=\"summary_large_image\" \/>\n<meta name=\"twitter:label1\" content=\"Est. reading time\" \/>\n\t<meta name=\"twitter:data1\" content=\"1 minute\" \/>\n<script type=\"application\/ld+json\" class=\"yoast-schema-graph\">{\"@context\":\"https:\/\/schema.org\",\"@graph\":[{\"@type\":\"WebPage\",\"@id\":\"https:\/\/avinent.wwwarcelona.net\/events\/sedo-murcia\/\",\"url\":\"https:\/\/avinent.wwwarcelona.net\/events\/sedo-murcia\/\",\"name\":\"SEDO - Avinent\",\"isPartOf\":{\"@id\":\"https:\/\/avinent.com\/#website\"},\"datePublished\":\"2024-01-12T11:03:41+00:00\",\"dateModified\":\"2025-03-20T10:35:11+00:00\",\"description\":\"\u00a1Este a\u00f1o estaremos presentes en la SEDO de Murcia con Recode Aligners! Ven a descubrir los tratamientos de ortodoncia.\",\"breadcrumb\":{\"@id\":\"https:\/\/avinent.wwwarcelona.net\/events\/sedo-murcia\/#breadcrumb\"},\"inLanguage\":\"pt\",\"potentialAction\":[{\"@type\":\"ReadAction\",\"target\":[\"https:\/\/avinent.wwwarcelona.net\/events\/sedo-murcia\/\"]}]},{\"@type\":\"BreadcrumbList\",\"@id\":\"https:\/\/avinent.wwwarcelona.net\/events\/sedo-murcia\/#breadcrumb\",\"itemListElement\":[{\"@type\":\"ListItem\",\"position\":1,\"name\":\"Portada\",\"item\":\"https:\/\/avinent.com\/pt-pt\/home\/\"},{\"@type\":\"ListItem\",\"position\":2,\"name\":\"Events\",\"item\":\"https:\/\/avinent.wwwarcelona.net\/blog\/events\/\"},{\"@type\":\"ListItem\",\"position\":3,\"name\":\"SEDO\"}]},{\"@type\":\"WebSite\",\"@id\":\"https:\/\/avinent.com\/#website\",\"url\":\"https:\/\/avinent.com\/\",\"name\":\"Avinent\",\"description\":\"Todas las soluciones m\u00e9dicas y dentales\",\"publisher\":{\"@id\":\"https:\/\/avinent.com\/#organization\"},\"potentialAction\":[{\"@type\":\"SearchAction\",\"target\":{\"@type\":\"EntryPoint\",\"urlTemplate\":\"https:\/\/avinent.com\/?s={search_term_string}\"},\"query-input\":{\"@type\":\"PropertyValueSpecification\",\"valueRequired\":true,\"valueName\":\"search_term_string\"}}],\"inLanguage\":\"pt\"},{\"@type\":\"Organization\",\"@id\":\"https:\/\/avinent.com\/#organization\",\"name\":\"Avinent\",\"url\":\"https:\/\/avinent.com\/\",\"logo\":{\"@type\":\"ImageObject\",\"inLanguage\":\"pt\",\"@id\":\"https:\/\/avinent.com\/#\/schema\/logo\/image\/\",\"url\":\"https:\/\/avinent.com\/wp-content\/uploads\/2021\/10\/cropped-9216650250dc9798b51ff14a0e1c16c7.png\",\"contentUrl\":\"https:\/\/avinent.com\/wp-content\/uploads\/2021\/10\/cropped-9216650250dc9798b51ff14a0e1c16c7.png\",\"width\":122,\"height\":79,\"caption\":\"Avinent\"},\"image\":{\"@id\":\"https:\/\/avinent.com\/#\/schema\/logo\/image\/\"}}]}<\/script>\n<!-- \/ Yoast SEO plugin. -->","yoast_head_json":{"title":"SEDO - Avinent","description":"\u00a1Este a\u00f1o estaremos presentes en la SEDO de Murcia con Recode Aligners! Ven a descubrir los tratamientos de ortodoncia.","robots":{"index":"index","follow":"follow","max-snippet":"max-snippet:-1","max-image-preview":"max-image-preview:large","max-video-preview":"max-video-preview:-1"},"og_locale":"pt_PT","og_type":"article","og_title":"SEDO - Avinent","og_description":"\u00a1Este a\u00f1o estaremos presentes en la SEDO de Murcia con Recode Aligners! Ven a descubrir los tratamientos de ortodoncia.","og_url":"https:\/\/avinent.wwwarcelona.net\/events\/sedo-murcia\/","og_site_name":"Avinent","article_modified_time":"2025-03-20T10:35:11+00:00","twitter_card":"summary_large_image","twitter_misc":{"Est. reading time":"1 minute"},"schema":{"@context":"https:\/\/schema.org","@graph":[{"@type":"WebPage","@id":"https:\/\/avinent.wwwarcelona.net\/events\/sedo-murcia\/","url":"https:\/\/avinent.wwwarcelona.net\/events\/sedo-murcia\/","name":"SEDO - Avinent","isPartOf":{"@id":"https:\/\/avinent.com\/#website"},"datePublished":"2024-01-12T11:03:41+00:00","dateModified":"2025-03-20T10:35:11+00:00","description":"\u00a1Este a\u00f1o estaremos presentes en la SEDO de Murcia con Recode Aligners! Ven a descubrir los tratamientos de ortodoncia.","breadcrumb":{"@id":"https:\/\/avinent.wwwarcelona.net\/events\/sedo-murcia\/#breadcrumb"},"inLanguage":"pt","potentialAction":[{"@type":"ReadAction","target":["https:\/\/avinent.wwwarcelona.net\/events\/sedo-murcia\/"]}]},{"@type":"BreadcrumbList","@id":"https:\/\/avinent.wwwarcelona.net\/events\/sedo-murcia\/#breadcrumb","itemListElement":[{"@type":"ListItem","position":1,"name":"Portada","item":"https:\/\/avinent.com\/pt-pt\/home\/"},{"@type":"ListItem","position":2,"name":"Events","item":"https:\/\/avinent.wwwarcelona.net\/blog\/events\/"},{"@type":"ListItem","position":3,"name":"SEDO"}]},{"@type":"WebSite","@id":"https:\/\/avinent.com\/#website","url":"https:\/\/avinent.com\/","name":"Avinent","description":"Todas las soluciones m\u00e9dicas y dentales","publisher":{"@id":"https:\/\/avinent.com\/#organization"},"potentialAction":[{"@type":"SearchAction","target":{"@type":"EntryPoint","urlTemplate":"https:\/\/avinent.com\/?s={search_term_string}"},"query-input":{"@type":"PropertyValueSpecification","valueRequired":true,"valueName":"search_term_string"}}],"inLanguage":"pt"},{"@type":"Organization","@id":"https:\/\/avinent.com\/#organization","name":"Avinent","url":"https:\/\/avinent.com\/","logo":{"@type":"ImageObject","inLanguage":"pt","@id":"https:\/\/avinent.com\/#\/schema\/logo\/image\/","url":"https:\/\/avinent.com\/wp-content\/uploads\/2021\/10\/cropped-9216650250dc9798b51ff14a0e1c16c7.png","contentUrl":"https:\/\/avinent.com\/wp-content\/uploads\/2021\/10\/cropped-9216650250dc9798b51ff14a0e1c16c7.png","width":122,"height":79,"caption":"Avinent"},"image":{"@id":"https:\/\/avinent.com\/#\/schema\/logo\/image\/"}}]}},"_links":{"self":[{"href":"https:\/\/avinent.com\/pt-pt\/wp-json\/wp\/v2\/events\/8634","targetHints":{"allow":["GET"]}}],"collection":[{"href":"https:\/\/avinent.com\/pt-pt\/wp-json\/wp\/v2\/events"}],"about":[{"href":"https:\/\/avinent.com\/pt-pt\/wp-json\/wp\/v2\/types\/events"}],"wp:attachment":[{"href":"https:\/\/avinent.com\/pt-pt\/wp-json\/wp\/v2\/media?parent=8634"}],"wp:term":[{"taxonomy":"director","embeddable":true,"href":"https:\/\/avinent.com\/pt-pt\/wp-json\/wp\/v2\/director?post=8634"},{"taxonomy":"ciutat-curs","embeddable":true,"href":"https:\/\/avinent.com\/pt-pt\/wp-json\/wp\/v2\/ciutat-curs?post=8634"},{"taxonomy":"segments","embeddable":true,"href":"https:\/\/avinent.com\/pt-pt\/wp-json\/wp\/v2\/segment?post=8634"}],"curies":[{"name":"wp","href":"https:\/\/api.w.org\/{rel}","templated":true}]}}

<p>Del 11 al 14 de junio, nos vemos en Murcia para <strong>celebrar el Congreso Internacional de Ortodoncia  SEDO</strong>, con un programa científico pensando en el tratamiento integral del paciente adulto.</p>



<p>La <strong>ortodoncia es parte esencial en los tratamientos interdisciplinares</strong>, y por eso el Comité Científico ha contado con algunos de los mejores conferenciantes a nivel Nacional e Internacional en este ámbito.</p>



<p>El programa SEDO ha sido diseñado de manera que podamos <strong>conocer y aprender las innovaciones en la Ortodoncia</strong> y una puesta al día en las áreas más relevantes de la misma, sustentándose para ello en ponentes muy destacados por su perfil profesional y científico.</p>



<p>El congreso de la SEDO es un evento importante para los profesionales de la ortodoncia y se lleva a cabo regularmente para reunir a ortodoncistas, odontólogos y otros expertos en el campo. </p>



<p>Desde Avinent participaremos en la SEDO de Murcia, para <strong>dar a conocer la revolucionaria marca de nuestros alineadores invisibles</strong>. Además de presentar en el mismo Congreso otras novedades de ortodoncia que faciltarán el trabajo de los ortodoncistas.</p>

<p>¡Este año estaremos presentes en la SEDO de Murcia con Recode Aligners! Ven a descubrir los tratamientos de ortodoncia más innovadores a nivel internacional.		</p>

<!-- This site is optimized with the Yoast SEO plugin v26.8 - https://yoast.com/product/yoast-seo-wordpress/ -->
<title>SEDO - Avinent</title>
<meta name="description" content="¡Este año estaremos presentes en la SEDO de Murcia con Recode Aligners! Ven a descubrir los tratamientos de ortodoncia." />
<meta name="robots" content="index, follow, max-snippet:-1, max-image-preview:large, max-video-preview:-1" />
<meta property="og:locale" content="pt_PT" />
<meta property="og:type" content="article" />
<meta property="og:title" content="SEDO - Avinent" />
<meta property="og:description" content="¡Este año estaremos presentes en la SEDO de Murcia con Recode Aligners! Ven a descubrir los tratamientos de ortodoncia." />
<meta property="og:url" content="https://avinent.wwwarcelona.net/events/sedo-murcia/" />
<meta property="og:site_name" content="Avinent" />
<meta property="article:modified_time" content="2025-03-20T10:35:11+00:00" />
<meta name="twitter:card" content="summary_large_image" />
<meta name="twitter:label1" content="Est. reading time" />
	<meta name="twitter:data1" content="1 minute" />
<script type="application/ld+json" class="yoast-schema-graph">{"@context":"https://schema.org","@graph":[{"@type":"WebPage","@id":"https://avinent.wwwarcelona.net/events/sedo-murcia/","url":"https://avinent.wwwarcelona.net/events/sedo-murcia/","name":"SEDO - Avinent","isPartOf":{"@id":"https://avinent.com/#website"},"datePublished":"2024-01-12T11:03:41+00:00","dateModified":"2025-03-20T10:35:11+00:00","description":"¡Este año estaremos presentes en la SEDO de Murcia con Recode Aligners! Ven a descubrir los tratamientos de ortodoncia.","breadcrumb":{"@id":"https://avinent.wwwarcelona.net/events/sedo-murcia/#breadcrumb"},"inLanguage":"pt","potentialAction":[{"@type":"ReadAction","target":["https://avinent.wwwarcelona.net/events/sedo-murcia/"]}]},{"@type":"BreadcrumbList","@id":"https://avinent.wwwarcelona.net/events/sedo-murcia/#breadcrumb","itemListElement":[{"@type":"ListItem","position":1,"name":"Portada","item":"https://avinent.com/pt-pt/home/"},{"@type":"ListItem","position":2,"name":"Events","item":"https://avinent.wwwarcelona.net/blog/events/"},{"@type":"ListItem","position":3,"name":"SEDO"}]},{"@type":"WebSite","@id":"https://avinent.com/#website","url":"https://avinent.com/","name":"Avinent","description":"Todas las soluciones médicas y dentales","publisher":{"@id":"https://avinent.com/#organization"},"potentialAction":[{"@type":"SearchAction","target":{"@type":"EntryPoint","urlTemplate":"https://avinent.com/?s={search_term_string}"},"query-input":{"@type":"PropertyValueSpecification","valueRequired":true,"valueName":"search_term_string"}}],"inLanguage":"pt"},{"@type":"Organization","@id":"https://avinent.com/#organization","name":"Avinent","url":"https://avinent.com/","logo":{"@type":"ImageObject","inLanguage":"pt","@id":"https://avinent.com/#/schema/logo/image/","url":"https://avinent.com/wp-content/uploads/2021/10/cropped-9216650250dc9798b51ff14a0e1c16c7.png","contentUrl":"https://avinent.com/wp-content/uploads/2021/10/cropped-9216650250dc9798b51ff14a0e1c16c7.png","width":122,"height":79,"caption":"Avinent"},"image":{"@id":"https://avinent.com/#/schema/logo/image/"}}]}</script>
<!-- / Yoast SEO plugin. -->

¡Este año estaremos presentes en la SEDO de Murcia con Recode Aligners! Ven a descubrir los tratamientos de ortodoncia.

Todas las soluciones médicas y dentales
